*i - 38442. What is the remainder when i is divided by 64?
2
Suppose -5*l + 15 = -v, l - 5*l + 3*v + 12 = 0. What is the remainder when (l + 52)/1 - -1 is divided by 29*1/(-1)*(-10)/10?
27
Suppose 5*k + 58 + 49 = 3*f, 31 = f + 3*k. Suppose 9*b - f - 101 = 0. Suppose 5*w - b + 0 = 0. What is the remainder when 16 is divided by w?
1
Suppose 14*q + 2*q + 3484 = 42*q. Suppose 3 - 283 = -4*l. Calculate the remainder when q is divided by l.
64
Suppose -d - 2214 = -5*k + 691, -3*k - 2*d = -1743. What is the remainder when k is divided by 119?
105
Suppose 84*p - 88*p + 2*t = -114, 5*t = p + 3. Let h(r) = r**3 - 7*r**2 + 5*r + 5. Let d be h(6). What is the remainder when p is divided by d*(-1 + 2 - 8)?
4
Let c(g) = -8*g**3 + 2*g**2 + g. Let h(k) = -7*k**3 + 3*k**2 + 2*k + 1. Let i(p) = 4*c(p) - 3*h(p). Calculate the remainder when i(-2) is divided by 29.
27
Suppose 172 + 60 = 4*p. Let n = -16 + 11. Let f = n + 20. Calculate the remainder when p is divided by f.
13
What is the remainder when 1*(32/(-6 - 2))/(2/(-87)) is divided by 34?
4
Let p be 2 + 40/22 - 2/(-11). Suppose -p*j = 2*a - 24, 3*a - 8 + 20 = 0. Suppose 3*d + d - j = 0. Calculate the remainder when 5 is divided by d.
1
Suppose -12*r + 0*r - 576 = 0. Let t be (1 - -3)/(-1*1/16). Let q = r - t. Calculate the remainder when q is divided by 11.
5
Suppose -14*n = -8*n + 9*n - 420. Calculate the remainder when 2715 is divided by n.
27
Calculate the remainder when 148/(-111)*(7900/(-8) - -2) is divided by 47.
45
What is the remainder when (3 - 10) + (6578 - (-1 - -1)) + -3 is divided by 124?
120
Let p(d) be the second derivative of d**5/20 + 11*d**4/12 + 3*d**3/2 + d**2/2 + d. Calculate the remainder when p(-9) is divided by (-32)/64*116*(1 + 6/(-4)).
24
Let b(f) = 16*f + 93. Let u(c) = -c**3 - 11*c**2 - 8*c + 15. Let w be u(-10). What is the remainder when 255 is divided by b(w)?
8
Let r = 117 + -60. Let h = 68 - r. Let l = -5 + h. What is the remainder when 39 is divided by l?
3
Suppose 2*h + 305 = 7*h. Suppose 9*y + h = -173. Let t = y + 34. Calculate the remainder when t is divided by 5.
3
Suppose -4*g - 39 - 141 = 0. Let y = 188 + -163. Calculate the remainder when y is divided by ((-30)/g)/((-2)/(-21)).
4
Let h = 63 + -28. Calculate the remainder when h is divided by (3016/406)/((-1)/((-14)/4)).
9
Suppose 71*i + 7400 = 23*i + 21608. Calculate the remainder when 3265 is divided by i.
9
Suppose 18*z + 115*z = 325318. Calculate the remainder when z is divided by 48.
46
Let y(k) be the second derivative of k**4/12 - 7*k**3/3 - 5*k**2 + 29*k. Let u be y(17). Let h = -38 + u. Calculate the remainder when 12 is divided by h.
0
Suppose -177228 - 21226 = -270*m - 34294. Calculate the remainder when m is divided by 182.
62
Let y(v) = v**3 + 19*v**2 - 2*v + 7. What is the remainder when 123 is divided by y(0)?
4
Suppose 54*f - 18017 + 6623 = 0. Calculate the remainder when f is divided by 23.
4
Suppose -4*g + 19 - 7 = 0. Let b = -6 - -9. Suppose g*a = -4*v + 328, -v - 2*a = b*a - 82. Calculate the remainder when v is divided by 21.
19
Let d = 147 - 133. Suppose -d + 9 = -5*t. What is the remainder when 3 is divided by t?
0
Let r(b) be the first derivative of b**3 - b**2 + 3*b + 3. Let u be r(4). Suppose -3*i = -u - 14. What is the remainder when 35 is divided by i?
16
Suppose -358 = 13*l - 20. Let k = 75 + l. Calculate the remainder when 145 is divided by k.
47
Let v(j) be the second derivative of -j**5/20 + 9*j**4/4 - 25*j**3/6 + 24*j**2 - 73*j. Calculate the remainder when v(26) is divided by 13.
9
Let q(b) = -309*b + 2741. Calculate the remainder when 269 is divided by q(8).
0
Let n(r) = 898*r + 7089. Calculate the remainder when n(-7) is divided by 40.
3
Let x(o) = 23*o**2 - 3*o - 17. Let j(l) = -l + 1. Let w(t) = 2*j(t) + x(t). What is the remainder when w(-3) is divided by 71?
65
Suppose 0 = 3*g - 56 - 187. Suppose -2*x - 3*a = -g, x - 2*a = 2*x - 42. Calculate the remainder when x is divided by 23.
13
Calculate the remainder when 3802 is divided by (4 - 1 - 13) + 5694/39.
130
Let n(y) = y**3 - 17*y**2 - 19*y + 21. Let i be n(18). Suppose -g = 0, 5*q + i*g = -g + 240. Calculate the remainder when 766 is divided by q.
46
Let o be ((3/9)/(-1))/((-44)/(-68772)). Let y = o + 547. What is the remainder when 100 is divided by y?
22
Let c = 88 - 90. Let s be (-191)/(-2) + (-3)/c. Suppose 39 = i - 3*g, s = 3*i - 2*g - 3*g. What is the remainder when 118 is divided by i?
22
Let u be (6/1)/(2/15). Let t = 104 - u. Let z(f) = -18*f + 604. Calculate the remainder when t is divided by z(33).
9
Suppose -5*s + 41952 - 10142 = -3*z, 3*s - 5*z - 19070 = 0. Calculate the remainder when s is divided by 245.
240
Let z = -6974 - -7495. Suppose 4*t + 3*a = 2*t + 39, 5*t - 87 = 3*a. What is the remainder when z is divided by t?
17
Suppose -5*f + 8 + 7 = 0. Let a(c) = -3066 + 399*c - 398*c + 3074. Calculate the remainder when a(f) is divided by 8.
3
Calculate the remainder when 2590 is divided by (18/54)/(-4*(-1)/108).
7
Suppose -17*j - 3715 = -3919. Calculate the remainder when 144 is divided by j.
0
Let u be (-25)/(-7) - (-144)/(-252). Let w = -377 - -199. Calculate the remainder when (w + 4)*(-1)/u is divided by 12.
10
Calculate the remainder when (42/15 - 4)/((-15)/5275) is divided by 87.
74
Suppose 5*h + 21 = 4*u - u, 3*u = 4*h + 18. Let k(w) = -20 + 0*w**2 + 25 + 3*w**2 - 2*w**2 - u*w. Calculate the remainder when 56 is divided by k(6).
27
Let n(b) = 11*b + 19. Let z be n(3). Suppose 3*g - 205 = -2*g + 5*h, -4*h = 2*g - z. What is the remainder when ((-2)/(-4))/((-1)/(-284)) is divided by g?
34
Let a(c) = -261*c - 3727. What is the remainder when a(-15) is divided by 99?
89
Let m = -15664 + 36774. What is the remainder when m is divided by 43?
40
Suppose -11*m + 7*m + 122 = -2*q, 2*m - 2*q - 64 = 0. Suppose 28*u + 20 = m*u. Calculate the remainder when 72 is divided by u.
12
Let p = 79 - 77. Let d be 2/(-2*4/(-16)). Suppose 0 = -4*u + d*z + 80, 6*u = p*u + 5*z + 81. Calculate the remainder when u is divided by 2.
1
Suppose 5*u = -2*l - 244, 5*l + 8 = -u - 27. What is the remainder when 44 is divided by (-12)/(-10) + 5 + 210/u?
0
Let o = 5144 + -5068. Calculate the remainder when 221 is divided by o.
69
Suppose 108 = -2*l + 118. Suppose -4*d + 390 = l*a + d, 5*a = -d + 394. What is the remainder when a is divided by 36?
7
Let l = -34590 + 34599. Calculate the remainder when 7100 is divided by l.
8
Let p(l) = 19*l**2 + 293*l - 145. Calculate the remainder when 9764 is divided by p(-16).
30
Suppose -2*p - 9 - 11 = 5*w, -2*w - 32 = -4*p. Let s be (-2)/3 - 76/w. Suppose 4*n - 36 = s. Calculate the remainder when 33 is divided by n.
9
Let h = -988 + 998. What is the remainder when 49 is divided by h?
9
Let m(w) = w**2 - 7*w + 3. Let g be m(5). Let z = 14 - g. What is the remainder when z is divided by 15?
6
Suppose 4*n + n - 476 = -3*m, 2*n = 2*m + 200. Suppose 18*x - 17*x - 6 = 0, -h - 2*x = -74. Let b = n - h. What is the remainder when b is divided by 19?
16
Let d = 1 - 6. Let m = 1 - d. Suppose 18 + 64 + 204 = 13*g. Calculate the remainder when g is divided by m.
4
Let d(z) = -z**2 - 15*z - 34. Let t be d(-11). What is the remainder when t/15 - 2/(-12)*386 is divided by 34?
31
Let a be (-640)/6*(-375)/(-5). Let x be 3/(5/(a/6)). What is the remainder when 53 is divided by x/(-45)*1 + (-4)/(-18)?
17
Let p be (4/18)/(10/(-105))*-6. Suppose 485 = 19*f - p*f. Calculate the remainder when f is divided by 21.
13
Suppose 0 = -4*y - 0 + 12. Suppose s = -5*c + 285, y*c - 285 = -2*c - 3*s. Suppose -5*j - c = -6*j. What is the remainder when j is divided by 20?
17
Let l be (-1)/(-4 + (-1382)/(-346)). Let g = l + -109. Suppose 13*p - 72 = 71. What is the remainder when g is divided by p?
9
Suppose 0 = -j + 5*j - 5*h - 134, h = 5*j - 157. Let a(v) = 8*v**3 - 6*v**2 - 13*v. Calculate the remainder when a(3) is divided by j.
30
Let a = 7523 + -4836. Calculate the remainder when a is divided by 669.
11
Let m(l) = -2*l + 14. Let s(q) = q**2 + 5*q - 7. Let i be s(-7). Let j be m(i). Suppose 8*r + j*r - 8 = 0. Calculate the remainder when 4 is divided by r.
0
Let h = 6240 + -5977. What is the remainder when h is divided by 155?
108
Let m = 1201 - 1150. What is the remainder when 456 is divided by m?
48
Suppose 17*k + 19*k - 15924